 factor of 110 and 941930?
110
Calculate the highest common divisor of 66620 and 380.
20
Calculate the greatest common divisor of 37138 and 186.
62
Calculate the greatest common factor of 856586 and 795.
53
What is the highest common divisor of 40 and 29560?
40
What is the greatest common factor of 100858 and 1912?
478
Calculate the greatest common divisor of 256 and 435.
1
What is the highest common divisor of 1220 and 363072?
244
Calculate the highest common factor of 599261 and 3627.
403
Calculate the greatest common divisor of 478 and 6453.
239
What is the highest common divisor of 876 and 8979?
219
What is the highest common factor of 13182 and 78?
78
What is the highest common divisor of 64 and 3419104?
32
What is the greatest common factor of 1638 and 5463549?
819
Calculate the highest common factor of 503679 and 99.
33
What is the greatest common divisor of 345 and 388677?
69
Calculate the highest common factor of 532458 and 18.
18
What is the highest common factor of 35305981 and 269?
269
Calculate the greatest common factor of 8596 and 4088.
28
Calculate the greatest common factor of 108066 and 248.
62
What is the greatest common factor of 3154 and 1079?
83
What is the greatest common factor of 771 and 4406522?
257
What is the highest common divisor of 389052 and 909?
909
Calculate the highest common factor of 100203 and 1524.
381
What is the greatest common factor of 21114 and 378?
54
Calculate the greatest common divisor of 71393 and 21.
7
Calculate the greatest common factor of 27 and 11511.
9
What is the greatest common factor of 26964 and 644?
28
Calculate the highest common factor of 1296 and 1552.
16
Calculate the highest common factor of 73177 and 507.
169
Calculate the greatest common factor of 328 and 1536.
8
Calculate the greatest common factor of 390 and 46.
2
What is the greatest common divisor of 154 and 2307382?
154
What is the greatest common divisor of 7602330 and 844?
422
Calculate the greatest common divisor of 15834 and 1963.
13
What is the greatest common divisor of 3587 and 17?
17
What is the highest common factor of 5148 and 1276?
44
What is the highest common factor of 66 and 3642?
6
What is the greatest common factor of 1430 and 78?
26
What is the highest common factor of 78358 and 8526?
406
What is the highest common factor of 200880 and 124?
124
Calculate the highest common factor of 7 and 1095101.
7
Calculate the highest common divisor of 139779 and 20925.
837
What is the greatest common factor of 25043 and 237?
79
Calculate the greatest common divisor of 28724 and 166324.
172
Calculate the highest common factor of 124 and 64170.
62
What is the greatest common factor of 2768 and 252?
4
What is the greatest common divisor of 10856 and 72?
8
What is the highest common factor of 105513 and 1?
1
Calculate the greatest common divisor of 1653300 and 300.
300
What is the greatest common divisor of 399 and 142653?
21
Calculate the greatest common divisor of 16137 and 297.
99
What is the greatest common divisor of 5392 and 592?
16
What is the highest common factor of 2967860 and 170?
170
What is the highest common factor of 98948 and 116?
116
Calculate the greatest common factor of 19 and 449.
1
Calculate the highest common divisor of 1478 and 32.
2
Calculate the highest common divisor of 1097288 and 760.
152
What is the highest common divisor of 399 and 2261?
133
What is the greatest common factor of 14435448 and 408?
408
What is the highest common divisor of 20536 and 34?
34
Calculate the highest common divisor of 3993025 and 25.
25
Calculate the greatest common factor of 483 and 16212.
21
What is the greatest common divisor of 4089 and 226869?
141
Calculate the greatest common factor of 3773 and 1925.
77
Calculate the highest common divisor of 17085 and 2040.
255
Calculate the greatest common factor of 1480097 and 469.
67
What is the greatest common factor of 2 and 28654?
2
What is the greatest common divisor of 183803 and 41?
41
What is the highest common divisor of 18 and 2944?
2
Calculate the greatest common factor of 42 and 954240.
42
What is the highest common factor of 490 and 810068?
98
Calculate the greatest common divisor of 13620 and 4.
4
Calculate the greatest common factor of 18326 and 16830.
374
Calculate the highest common divisor of 45598 and 56.
14
Calculate the highest common factor of 2769 and 8931.
39
What is the greatest common factor of 15 and 1078005?
15
Calculate the greatest common factor of 359 and 7595363.
359
Calculate the greatest common factor of 109586 and 2198.
314
What is the highest common factor of 38088 and 360?
72
What is the highest common divisor of 91 and 118417?
13
What is the greatest common divisor of 1970240 and 235?
235
What is the highest common divisor of 15 and 268659?
3
What is the greatest common factor of 56 and 49952?
56
What is the greatest common divisor of 42 and 9093?
21
What is the greatest common divisor of 2268 and 51588?
36
Calculate the greatest common divisor of 136763 and 33.
11
Calculate the highest common divisor of 172160 and 269.
269
What is the highest common factor of 44 and 107305?
11
What is the highest common divisor of 7150 and 44?
22
What is the highest common factor of 56276 and 176?
44
Calculate the highest common factor of 107996 and 4313.
19
Calculate the greatest common factor of 221 and 28353.
13
What is the highest common divisor of 504 and 63224?
56
What is the highest common divisor of 420 and 235770?
30
What is the greatest common divisor of 18042 and 33756?
582
What is the highest common divisor of 399 and 8123241?
399
Calculate the highest common divisor of 629 and 15062.
17
Calculate the greatest common divisor of 113358 and 6.
6
Calculate the highest common divisor of 144008 and 16.
8
Calculate the highest common divisor of 161 and 99176.
161
What is the highest common factor of 25415 and 598?
299
Calculate the highest common divisor of 1312 and 142432.
32
Calculate the highest common factor of 149 and 154811.
149
Calculate the highest common divisor of 6354568 and 176.
88
Calculate the greatest common factor of 9 and 2007.
9
What is the highest common divisor of 5916 and 241570?
986
What is the highest common divisor of 189 and 477?
9
Calculate the highest common factor of 275 and 40645.
55
What is the highest common divisor of 121237 and 41?
41
What is the highest common factor of 204 and 942735?
51
What is the greatest common factor of 712384 and 576?
64
What is the greatest common factor of 12 and 37800?
12
Calculate the highest common divisor of 14 and 26918.
2
Calculate the highest common divisor of 616 and 58597.
77
What is the greatest common divisor of 8752 and 72751?
547
What is the greatest common divisor of 15 and 192495?
15
What is the greatest common factor of 7124 and 31?
1
What is the highest common factor of 23 and 81443?
23
What is the greatest common factor of 11585 and 105?
35
Calculate the greatest common divisor of 1 and 96.
1
Calculate the greatest common factor of 2240 and 22480.
80
Calculate the greatest common factor of 140 and 253372.
28
Calculate the highest common factor of 5445 and 135.
45
Calculate the greatest common factor of 5677 and 77.
7
What is the greatest common divisor of 254325 and 25?
25
What is the highest common factor of 213465 and 45?
15
Calculate the highest common divisor of 24 and 111204.
12
What is the greatest common factor of 45 and 12405?
15
What is the greatest common divisor of 2695 and 1519?
49
What is the highest common factor of 102 and 1513?
17
Calculate the highest common factor of 21 and 1267.
7
Calculate the greatest common factor of 60494 and 84.
14
Calculate the highest common divisor of 1419 and 60225.
33
What is the highest common factor of 3703 and 259?
7
Calculate the greatest common factor of 24544 and 52.
52
Calculate the greatest common divisor of 7488 and 1368.
72
What is the greatest common factor of 4109 and 154?
7
Calculate the highest common factor of 176269 and 359.
359
What is the highest common factor of 7644 and 9506?
98
What is the highest common factor of 30 and 30010?
10
Calculate the highest common factor of 49 and 64561.
7
What is the greatest common divisor of 1556 and 1156?
4
What is the greatest common divisor of 3886 and 1742?
134
Wha